7?
7
What is the hundred thousands digit of 103987?
1
What is the units digit of 1013?
3
What is the tens digit of 55?
5
What is the tens digit of 3480?
8
What is the units digit of 13887?
7
What is the hundreds digit of 2452?
4
What is the tens digit of 42901?
0
What is the thousands digit of 3799?
3
What is the tens digit of 1122?
2
What is the units digit of 21142?
2
What is the thousands digit of 9731?
9
What is the tens digit of 1249?
4
What is the hundreds digit of 451?
4
What is the ten thousands digit of 18382?
1
What is the tens digit of 850?
5
What is the hundred thousands digit of 163798?
1
What is the tens digit of 9216?
1
What is the tens digit of 91789?
8
What is the thousands digit of 18137?
8
What is the ten thousands digit of 34033?
3
What is the hundreds digit of 1231?
2
What is the units digit of 46142?
2
What is the ten thousands digit of 23000?
2
What is the tens digit of 20453?
5
What is the units digit of 18385?
5
What is the units digit of 31956?
6
What is the tens digit of 8172?
7
What is the units digit of 1351?
1
What is the units digit of 2338?
8
What is the hundreds digit of 344?
3
What is the ten thousands digit of 91087?
9
What is the units digit of 679?
9
What is the thousands digit of 3018?
3
What is the hundreds digit of 600?
6
What is the tens digit of 1696?
9
What is the units digit of 13753?
3
What is the hundreds digit of 35822?
8
What is the tens digit of 482?
8
What is the hundreds digit of 30446?
4
What is the tens digit of 1611?
1
What is the hundreds digit of 480?
4
What is the tens digit of 5765?
6
What is the tens digit of 763?
6
What is the thousands digit of 1816?
1
What is the thousands digit of 7230?
7
What is the thousands digit of 3929?
3
What is the thousands digit of 77844?
7
What is the thousands digit of 27793?
7
What is the hundreds digit of 3360?
3
What is the hundreds digit of 5831?
8
What is the tens digit of 233?
3
What is the tens digit of 62?
6
What is the hundreds digit of 1972?
9
What is the hundreds digit of 5568?
5
What is the hundreds digit of 3744?
7
What is the tens digit of 1009?
0
What is the units digit of 8972?
2
What is the tens digit of 3248?
4
What is the thousands digit of 6771?
6
What is the tens digit of 16006?
0
What is the units digit of 27978?
8
What is the tens digit of 26720?
2
What is the units digit of 5730?
0
What is the tens digit of 655?
5
What is the ten thousands digit of 38938?
3
What is the units digit of 519?
9
What is the tens digit of 13381?
8
What is the thousands digit of 2168?
2
What is the units digit of 3251?
1
What is the thousands digit of 6467?
6
What is the units digit of 59798?
8
What is the tens digit of 7567?
6
What is the tens digit of 743?
4
What is the ten thousands digit of 154359?
5
What is the units digit of 674?
4
What is the thousands digit of 3378?
3
What is the hundreds digit of 76566?
5
What is the tens digit of 2802?
0
What is the tens digit of 662?
6
What is the units digit of 584?
4
What is the units digit of 2916?
6
What is the tens digit of 100083?
8
What is the hundreds digit of 1026?
0
What is the hundreds digit of 547?
5
What is the hundreds digit of 803?
8
What is the tens digit of 7240?
4
What is the tens digit of 71544?
4
What is the hundreds digit of 1383?
3
What is the tens digit of 4828?
2
What is the units digit of 608?
8
What is the tens digit of 136?
3
What is the tens digit of 7863?
6
What is the tens digit of 214?
1
What is the hundreds digit of 4007?
0
What is the thousands digit of 3719?
3
What is the units digit of 683?
3
What is the hundreds digit of 9985?
9
What is the tens digit of 977?
7
What is the tens digit of 75626?
2
What is the hundreds digit of 5967?
9
What is the units digit of 3744?
4
What is the units digit of 27574?
4
What is the tens digit of 604?
0
What is the units digit of 7343?
3
What is the tens digit of 8810?
1
What is the units digit of 4117?
7
What is the tens digit of 2942?
4
What is the tens digit of 760?
6
What is the hundreds digit of 7217?
2
What is the units digit of 30372?
2
What is the tens digit of 55043?
4
What is the units digit of 4460?
0
What is the tens digit of 6291?
9
What is the thousands digit of 3487?
3
What is the units digit of 178?
8
What is the tens digit of 848?
4
What is the hundreds digit of 44902?
9
What is the units digit of 60?
0
What is the units digit of 625?
5
What is the ten thousands digit of 10571?
1
What is the tens digit of 2326?
2
What is the hundreds digit of 222?
2
What is the hundreds digit of 139?
1
What is the tens digit of 78?
7
What is the tens digit of 853?
5
What is the hundreds digit of 4678?
6
What is the tens digit of 720?
2
What is the hundreds digit of 1681?
6
What is the units digit of 1004?
4
What is the units digit of 677?
7
What is the tens digit of 3236?
3
What is the thousands digit of 2848?
2
What is the tens digit of 341?
4
What is the hundreds digit of 511?
5
What is the hundreds digit of 1123?
1
What is the tens digit of 2627?
2
What is the units digit of 2210?
0
What is the units digit of 2536?
6
What is the thousands digit of 5282?
5
What is the tens digit of 25381?
8
What is the tens digit of 21437?
3
What is the units digit of 3908?
8
What is the units digit of 6277?
7
What is the tens digit of 434?
3
What is the hundreds digit of 4208?
2
What is the hundreds digit of 1048?
0
What is the tens digit of 18694?
9
What is the hundreds digit of 1586?
5
What is the ten thousands digit of 42436?
4
What is the tens digit of 149514?
1
What is the units digit of 1220?
0
What is the thousands digit of 7871?
7
What is the units digit of 4628?
8
What is the tens digit of 28604?
0
What is the hundreds digit of 16661?
6
What is the tens digit of 2577?
7
What is the ten thousands digit of 13017?
1
What is the hundreds digit of 706?
7
What is the tens digit of 92989?
8
What is the thousands digit of 31982?
1
What is the units digit of 2238?
8
What is the tens digit of 9293?
9
What is the thousands digit of 2091?
2
What is the tens digit of 54527?
2
What is the hundreds digit of 26054?
0
What is the tens digit of 1727?
2
What is the tens digit of 66239?
3
What is the units digit of 1354?
4
What is the hundreds digit of 14700?
7
What is the hundreds digit of 1470?
4
What is the tens digit of 60943?
4
What is the hundreds digit of 3904?
9
What is the tens digit of 50981?
8
What is the hundreds digit of 3247?
2
What is the hundreds digit of 2941?
9
What is the thousands digit of 29638?
9
What is the tens digit of 130482?
8
What is the thousands digit of 13718?
3
What is the units digit of 4114?
4
What is the hundreds digit of 827?
8
What is the hundreds digit of 18315?
3
What is the units digit of 1426?
6
What is the hundreds digit of 2812?
8
What is the tens digit of 7358?
5
What is the tens digit of 3402?
0
What is the tens digit of 2747?
4
What is the tens digit of 595?
9
What is the units digit of 96807?
7
What is the tens digit of 1234?
3
What is the thousands digit of 56460?
6
What is the tens digit of 1837?
3
What is the units digit of 7837?
7
What is the tens digit of 28711?
1
What is the tens digit of 1416?
1
What is the units digit of 1967?
7
What is the hundreds digit of 15271?
2
What is the hundreds digit of 29022?
0
What is the hundreds digit of 2649?
6
What is the tens digit of 6091?
9
What is the hundreds digit of 971?
9
What is the thousands digit of 1451?
1
What is the units digit of 1267?
7
What is the thousands digit of 114434?
4
What is the units digit of 10075?
5
What is the tens digit of 104359?
5
What is the hundreds digit of 99546?
5
What is the hundreds digit of 41161?
1
What is the hundreds digit of 3840?
8
What is the tens digit of 2937?
3
What is the units digit of 33504?
4
What is the units digit of 18865?
5
What is the ten thousands digit of 64437?
6
What is the tens digit of 638?
3
What is the hundreds digit of 8646?
6
What is the thousands digit of 1854?
1
What is the ten thousands digit of 16292?
1
What is the units digit of 146?
6
What is the units digit of 959?
9
What is the hundreds digit of 5078?
0
What is the units digit of 801?
1
What is the ten thousands digit of 21053?
2
What is the hundreds digit of 3003?
0
What is the hundreds digit of 161?
1
What is the hundreds digit of 1090?
0
What is th